omposite number?
False
Let m(t) = t**2 + 5*t - 19. Is m(-13) composite?
True
Suppose 2*a = m - 299, -3*m - 5*a + 278 = -2*m. Is m composite?
False
Let w(g) = g**2 + 8*g - 2. Let a(r) = r + 1. Let q(p) = -2*a(p) + w(p). Is q(-9) composite?
False
Let m be (12 - -2) + 2/(-1). Let c = -7 + m. Suppose 2*r - j = 4*j + 125, c*r - 269 = -2*j. Is r prime?
False
Let n = -43 - -92. Is n a prime number?
False
Suppose u = d - 4*u + 227, -2*d + 4*u - 472 = 0. Let j = -93 - d. Is j a prime number?
True
Let q(d) = -11*d - 17. Is q(-16) a prime number?
False
Let y = 1 + 1. Suppose l - n = 280 + 8, 1433 = 5*l + y*n. Is l a composite number?
True
Is 0/1 - (2 + -205) prime?
False
Suppose j = 4*v - 15, 0 = 3*j + v - 21 + 1. Suppose -2*c + 4*l = 3*l - 50, -j*c - l = -118. Suppose c = i - 2. Is i composite?
True
Let f = -17 + 19. Suppose -5*d + f*d = -426. Is d composite?
True
Let h(w) = 367*w**2. Let x be h(1). Let g be x + 2 + 1 + -1. Suppose -z - 339 = -4*q + 4*z, z = -4*q + g. Is q a composite number?
True
Let i(l) = 17*l + 2. Suppose 0 = 4*f - 4*m - 40, -5*f - 3*m + 14 = 4. Is i(f) composite?
True
Let x(g) be the third derivative of -81*g**6/20 - g**5/30 - g**4/12 - g**3/6 + 3*g**2. Is x(-1) a composite number?
True
Suppose 0*b - 339 = -3*b. Suppose -4*r + b = -91. Is r a prime number?
False
Suppose 2*n + n = -1059. Let r = -142 - n. Suppose -a - 4*y = -r, 0 = 3*a + y - 56 - 577. Is a prime?
True
Suppose -142 = -11*t + 3136. Is t a composite number?
True
Suppose -1921 = 3*k + 341. Let t = -447 - k. Is t a prime number?
True
Let c = 27 - 25. Suppose -c*t = 2*b - 536, 2*t + 7*b = 3*b + 542. Is t composite?
True
Suppose 5 = -s - 3. Is 34 + 1 - s/(-4) composite?
True
Let b be (-2)/(-6)*(98 - -4). Let f = b - 23. Is f prime?
True
Let c(i) = -2*i**2 + 3. Let k(z) = 3*z**2 - 5. Let m(w) = -7*c(w) - 4*k(w). Suppose -4*x = -5*x + 2. Is m(x) composite?
False
Is 2 + 2515/4 + 6/24 a prime number?
True
Let h be -1 + -13046 + 1 + -2. Let f be h/21*(-6)/(-4). Is 4/10 + f/(-20) a prime number?
True
Let o = -3 - -5. Let j(b) = b**2 - b. Let r be j(o). Is (2/(-1))/(r/(-95)) a prime number?
False
Suppose -w = 2*o - 3*w - 4, -4*w - 17 = 5*o. Let s = o - -3. Suppose 3*v = 0, 2*g - 5*g + s*v = -39. Is g a prime number?
True
Let n = 2 + 0. Let g = n + 11. Is g prime?
True
Let c(g) = 968*g**3 - g**2. Is c(1) a prime number?
True
Suppose i - 63 = 5*s, 15 = s + 2*s. Let j = i + 1. Is j prime?
True
Let p(h) = 9*h**3 - 4*h**2 + 2*h. Suppose -n + 28 = 5*f, -3*f + 24 = 3*n - 0*f. Is p(n) a prime number?
False
Let m = 0 - -2. Suppose -m*s + p = 2, -4*s = 3*p + p + 28. Let w = s - -17. Is w composite?
True
Let u be 24/20*(2 + -7). Let z(j) = -5*j - 5. Is z(u) composite?
True
Is (1309/51)/((-1)/(-3)) a prime number?
False
Let p(g) be the third derivative of -g**7/720 - g**6/72 - g**5/20 - g**2. Let q(h) be the third derivative of p(h). Is q(-9) a prime number?
True
Let j(b) = -44*b**3 + 1. Let i be j(1). Let x = -28 - i. Is x a composite number?
True
Let j(y) = y**3 + 9*y**2 - y - 8. Let u be j(-9). Let t(k) = -k**3 + 8*k**2 - k - 1. Let g be t(8). Is u/((-3)/g) - -12 composite?
True
Suppose -3470 = -0*b - 2*b. Is b composite?
True
Is 2 + -2 - (-1695)/5 prime?
False
Suppose 0 = 2*p - 4*n - 162, -5*p + 3*n + 421 = n. Is p composite?
True
Let m = 70 - 31. Is m a prime number?
False
Suppose 0*x - x + 301 = -3*j, 4*x + 3*j - 1234 = 0. Is x prime?
True
Let m be 1 - (1/1 + 0). Suppose m*d = -d + 4. Suppose -3 = -x - n, x + 1 - d = n. Is x prime?
True
Suppose 0 = -6*f + f + 1645. Is f a composite number?
True
Let o = 6 + 3. Is 14212/36 + 2/o composite?
True
Suppose 2*t - 2*h = 6, t - 5*h = 4*t - 1. Is 4 + 6*51/t composite?
False
Let k = 0 + 5. Suppose k*b - 3*p = 10 + 27, -11 = b + 4*p. Is (-328)/(-10) + 1/b a prime number?
False
Suppose -4*k - 14 = -858. Is k composite?
False
Let t(q) = 3*q**2 - 23*q + 1. Is t(16) a composite number?
False
Suppose -2*t + 2*u = -3*u + 14, 3*t - 29 = -5*u. Suppose 265 = t*l + 2*l. Is l a prime number?
True
Suppose 0 = -3*s + 4*s - 206. Let c(d) = 4*d**2 - 2*d - 2. Let v be c(4). Suppose 5*j + s = 4*h - v, 0 = -5*h + 4*j + 325. Is h a composite number?
True
Let i = -24 + 57. Is i prime?
False
Let p(h) = -3*h - 10. Let b be p(-5). Suppose b*a - 226 = -3*t, 2*t + 422 = 7*t - 3*a. Is t a composite number?
True
Let f(w) = 19*w + 3*w**2 + 0 - 23*w - 1 - w**2. Suppose 2*j + 8 - 2 = -2*g, 2*g = 4*j - 12. Is f(g) a composite number?
False
Let w = 369 - 166. Is w a composite number?
True
Let y(v) = -v**2 - 10*v - 9. Let x be y(-9). Suppose x*k - 71 = -k. Is k a composite number?
False
Let s(b) = -3 - 6*b**2 - 2*b**2 - b**3 + 5*b**2 + 14*b. Is s(-10) prime?
True
Let l be 8/((1 + -3)*-1). Is 30/4*(-2 + l) a composite number?
True
Let p(d) = 3*d**2 + 15*d - 9. Is p(-13) a composite number?
True
Is (-2)/14 - (-306762)/203 a prime number?
True
Let r(w) = w + 2. Let t(p) be the third derivative of p**4/8 + p**3 - p**2. Let z(j) = -21*r(j) + 6*t(j). Is z(-4) a prime number?
False
Let i = 159 + 78. Suppose -5*s + 129 = b, -s - i = -3*b + 102. Is (-2 + 3)/(2/b) a composite number?
True
Let z(h) = 44*h**2 + 2*h + 7. Is z(-3) a prime number?
True
Let r(k) = 4*k**2. Let o be r(-1). Suppose 12 = -0*a + o*a. Suppose -6*p + 75 = -a*p. Is p prime?
False
Let u be (-5)/2*(-24)/15. Let c(t) = -11*t + 3 + 3*t - u*t**2 + 3*t**2. Is c(-7) prime?
False
Let w(l) be the second derivative of l + 0 + 0*l**4 - 1/20*l**5 + 23/2*l**2 + 0*l**3. Is w(0) a prime number?
True
Let w = 3 + -1. Suppose 15 = -3*l - w*l. Is 3 + l/3 - -4 composite?
True
Let r(a) = -628*a + 15. Is r(-10) a composite number?
True
Is 2 + -7 + (-1)/(-1) + 757 a prime number?
False
Suppose -y - 51 = 3*g + 3*y, -5*g + 3*y = 56. Let r = g + 38. Suppose -4*d + r = -3*d. Is d a prime number?
False
Let c be (0 - -2) + 4 - 1. Suppose -4*a + 3*l = -83, c*a + 6*l - 4*l = 121. Let n = 34 - a. Is n prime?
True
Suppose 3 = -y, 4*m + y + 4*y = -3. Is m*(-31)/(-1)*1 composite?
True
Suppose 16 = -0*r - 4*r. Let y = r - 1. Let j = 7 + y. Is j a prime number?
True
Let n(q) = 2*q**2 - 9*q - 10. Is n(-5) a composite number?
True
Suppose 0 = 2*z - 3*z - 20. Let f be (-24)/(-20)*z/(-6). Suppose -2*o = -f*g + 328, o + 243 = 3*g - 2*o. Is g a composite number?
False
Suppose -5*w - 202 = -3*d, 9*w = 2*d + 4*w - 143. Suppose d = 5*c - 636. Is c composite?
False
Let x(t) = -t**2 - 8*t + 1. Let p be x(-6). Is (4/(-4))/((-1)/p) a prime number?
True
Suppose 13*g - 3310 = 3*g. Is g composite?
False
Suppose -5*c = -2*s + 2 + 8, 5*s + c - 25 = 0. Let l be ((-4)/s)/((-10)/325). Suppose 0 = -5*m + 3*m + l. Is m prime?
True
Suppose 3*y - 6*t - 1626 = -2*t, -y + 2*t + 544 = 0. Suppose 0 = 3*a - 5*p - 45 - y, 4*a - p = 783. Suppose 0 = -s - 3*s + a. Is s prime?
False
Let m = -1 + 1. Suppose f - 7 = o, -2*f = -5*f - o + 37. Suppose m*g - f = -g. Is g a composite number?
False
Suppose -2297 - 825 = -7*o. Is o a prime number?
False
Suppose 6*y - 11*y = -545. Is y prime?
True
Suppose 2*z = -3*x + 99 + 894, -5 = -x. Is z a prime number?
False
Let q(g) = 6*g + 9. Let i(c) = -c**2 + 17*c + 10. Let r be i(17). Is q(r) a composite number?
True
Let m be 10/(-35) - (-46)/14. Suppose 3*n - m*i = -0*i + 357, 119 = n + i. Is n a prime number?
False
Let v(y) = -y**2 - 12*y - 6. Let p(z) = -2*z**3 + z**2 + 2*z. Let t be p(2). Is v(t) a composite number?
True
Let y = -7 - -548. Is y prime?
True
Suppose 10087 = 7*l - 3724. Is l prime?
True
Is 14262/8 + (-1)/(-4) a composite number?
False
Suppose -2*y - 873 = -5*y. Is y a prime number?
False
Let r(f) = f**2 + 4*f. Let m be r(-4). Suppose m = k - 0*k + 37. Is (k/3)/((-2)/6) composite?
False
Suppose -3*z + 15 = -0*z. Suppose z*l + 84 = -3*y, 0 = y - l + 47 - 11. Let p = y + 82. Is p a prime number?
False
Suppose 0 = l + 4*l - 5. Let m(j) = -j**3 + 4*j**2 + 3*j. Let r be m(5). Let x = l - r. Is x composite?
False
Is 11/(-1*4/(-52)) prime?
False
Let j(n) = -n**2 + n - 10. Let s be j(0). Let y(p) = -10*p + 14. Let m be y(s). Suppose -5*d = 4 - m. Is d a prime number?
False
Let z be 12/(-8)*32/(-12). Suppose -o = -z*o + 273. Is o a composite number?
True
Let o(g) = 4*g**2 + 5*g - 1 - 1 + 4. Let t = -4 - 1. Is o(t) a prime number?
False
Suppose 2*x = -1040 - 1244. Let i = -555 - x. Is i prime?
True
Let g(k) = -k**3 - 18*k**2 - 22*k - 17. Is g(-